128
98 + -40 - (0 + -16)
74
Evaluate -19 - 0 - (-73 + 44 - -26).
-16
Calculate (36 - 77) + -57 + -5 + 8 + -5.
-100
What is (36 - 27) + (-91 - -77 - (-2 - 50))?
47
What is -21 + 56 + -1 + -29 + (-1 - (21 - -1))?
-18
Calculate 47 + (76 - (58 + 4)).
61
59 - (29 + (33 - 5))
2
What is -71 + (-36 - -77) - -5?
-25
1 - 71 - (-1 + -16 - (-508 + 493) - -11)
-79
What is 199 + -251 + (-5 - (2 - 4) - (-8 + 2))?
-49
(36 - 47 - -3) + 44
36
What is (-1 - -2) + 12 + 71 + (34 + -115 - -28)?
31
What is (-26 + 13 - (2 + -5)) + -23 + (-17 - -22)?
-28
What is -17 + 107 - (25 - (42 + (18 - 43)))?
82
-11 - ((-116 + 127 - (6 - -31)) + 1 + -13)
27
What is 144 + (14 - -93) + -124?
127
Calculate -1 + 163 + -5 + -230 + -2 + 2 + -6.
-79
What is the value of -104 - ((233 - 114) + -241)?
18
What is (403 - 421 - (-1 - -50)) + 35?
-32
What is (-1 - -50) + (-76 - -84) + (-23 + 6 - -20)?
60
What is -766 + 776 + (0 - 4) + (-9 - -13)?
10
What is -30 + 3 + 23 + 48 + -103?
-59
-184 - -61 - -35 - -65
-23
Calculate 0 - (-26 + 31) - (-132 - (4 + -12) - 2).
121
Evaluate 7 - -3 - 21 - 15.
-26
What is the value of -1 - 7 - (75 + -99) - -52?
68
Evaluate -29 + -315 + 440 + (-39 - 3).
54
What is the value of -14 + -172 + 72 + 98?
-16
Evaluate -11 + 36 + -54 + 40 + (4 - -1).
16
Evaluate 0 - -19 - ((-42 - -30) + -29 + 94).
-34
What is the value of (53 - 16) + -19 + 27?
45
(-257 - -250) + -46 + 4
-49
Calculate -21 - -20 - (-3 + -37) - ((0 - 2) + 13).
28
Evaluate 1 + (9 - (1 + -17) - 8 - 134).
-116
Evaluate (-1 - 0) + (8 - 1 - (-174 - -111) - -17).
86
Calculate 4 - 6 - -9 - (46 - 18 - 30).
9
What is (4 - -2 - (-20 - -30)) + 8 + 25?
29
(0 - 34) + -225 + 249
-10
Calculate (-785 - -891) + (-1 - 5).
100
What is -15129 - -15142 - (1 + -79 - -2)?
89
What is the value of (-10 - -52) + (-8 - (5 - 3))?
32
Calculate 1 + (-19 - -34) + (12 - -6 - 0).
34
What is the value of 0 + 3 + 1 + -1 + -50 + (-25 - -50)?
-22
Evaluate 24 - (-2 - (35 - 81)).
-20
What is (-27 - -48) + 11 - (4 + -12)?
40
What is the value of -38 - ((73 - 116) + 51)?
-46
Calculate 0 + 12 - (0 - (-30 + 36 - (6 + -1))).
13
Evaluate 11 - (-26 - (-20 - -5) - -6) - 21.
-5
Calculate 49 + (92 - 12) + -13.
116
What is (-47 - (-16 - -2) - -46) + 83 + 2 + 0?
98
What is the value of 14 + (-38 - (-10 - -3)) + 29 + 62 + 3?
77
What is the value of -24 - ((-22 - (35 - 16)) + 16) - -129?
130
(43 - 35) + (5 - 1 - 9) - -1
4
What is -104 + 11 - (159 - 319)?
67
20 + (-52 - (-100 + 55))
13
What is 0 + -4 + (-35 - (11 + -31)) + 92?
73
What is -8 - (-26 + 0) - (-38 - (-45 + 28))?
39
Evaluate 110 + (64 - 45 - -13) + -4 + 1 + -1.
138
(-23 - (27 - (97 - 24))) + -5 + 3 + 0
21
What is 40 + -22 - (0 - 7) - 63 - (-9 + 0)?
-29
What is -12 + 0 + (-14 - (6 + -37)) + 6 + -23?
-12
Calculate ((6 - 3) + -10 + -20 - (-53 + 39)) + 101.
88
What is -6 + -17 + 6 + 16 + -36?
-37
75 + (-68 - 23) - -7
-9
What is -1 + (-16 - 6) + 49 - -125?
151
What is the value of (16 - 2) + (-45 + 49 - -2)?
20
(238 - (-6 + 230)) + (-2 - -2 - -2) + -96
-80
Evaluate 0 - -11 - (127 + (-172 - -68)).
-12
89 + -156 + (-1 - -9) + (-6 - 10)
-75
What is the value of -99 + 2 + -2 + (-5183 - -5215)?
-67
What is the value of -8 + (-54 - (-2 + 3)) + (61 - (49 - -12))?
-63
What is 97 + -87 - (1 - -66) - ((-5 - -2) + 6)?
-60
What is 10 - ((65 - (-21 + 52)) + -87)?
63
What is -1 + 0 + -55 - (-615 + 606)?
-47
Calculate -17 - (1 - (55 - 78)).
-41
What is the value of (112 - 127 - (-1 + -61)) + -13 + -1?
33
Calculate -9 + (-1 + -7 + 3 - -55).
41
Evaluate (-122 - (-315 - -89)) + -42.
62
Evaluate 18 + 8 + -24 + (-14 - (-8 + -19)).
15
Evaluate -82 + (-5 - (-1 - -2 - -7)) + 18 - 0.
-77
Calculate 0 - 50 - ((7 - 4) + 14 + -38).
-29
(-5 - (-2 + 8)) + (22 + -7 - -38)
42
Evaluate 25 + -9 + (-2 - (-17 - 9)).
40
What is 1 + 84 + (21 - (20 - -7 - (9 + 3)))?
91
-20 - (-23 + (-54 + 14 - -23) + -64)
84
What is -6 + 44 - (-38 - -17)?
59
Evaluate -6 + (-46 - 0) - (-12 + 5 + 13).
-58
42 + -30 + (83 - 14)
81
What is the value of -64 - (21 - 3 - (-15 - (-10 - 4)))?
-83
-209 + 192 + 54 + 5 - -71
113
Evaluate -5 + 2 + -27 - (-20 - -40 - 27).
-23
What is -14 + -42 + 26 + -2 - (-5 + 2 - -5)?
-34
1695 + -1645 + -35 + 1
16
What is the value of -6 + (39 - 8) - 38?
-13
-3 + (-98 - (-98 - -36))
-39
What is 33 + (-35 - -21) - -43 - (14 + -2)?
50
What is the value of -1 - 10 - (2 - (125 + -96))?
16
34 + -81 + (90 - -4)
47
(6 - 9 - 14) + -6 + -6 + -47 + 45
-31
What is the value of (3 - 33) + -34 - 3?
-67
(-92 + 58 - -4) + 22
-8
What is the value of -29 + (2 - -2) + 8 + 5 + (-12 - -1)?
-23
(-3 + 46 - (34 - (13 - 0))) + 19
41
Evaluate (60 - 129) + 63 + 6 + -2.
-2
What is the value of -3 - (-80 + -66 + 150)?
-7
(78 + -23 - -4) + -1 + -20
38
Calculate -2 - (8 - -6 - ((-18 - (-3 - 19)) + 6)).
-6
What is 4 - (13 + (-11 - 17) + 18)?
1
Calculate 8 + -34 + -83 + 204.
95
What is the value of 309 + -378 + -1 + 26 + 1?
-43
Calculate 31 + 1 + -3 + (72 - (-12 + 70)).
43
Calculate (-138 - (-170 - -24)) + (-2 - -3 - -1 - 21).
-11
-53 + (-2 + 2 - 2 - 4) + (-5940 - -5940)
-59
What is -569 + 415 + (-9 - (-12 - 35))?
-116
What is -16 - -1 - (-1580 - -1618)?
-53
Evaluate 40 - (19 - 54) - (-7 - -6 - (0 + -3)).
73
Calculate (19 - 0) + (-129 - -45) + 64.
-1
What is the value of 11 - (792 - 825 - (-21 + 0))?
23
12 - 6 - (-2 + 6 + -47)
49
(-57 + 53 - -99) + -48
47
Calculate (15 - (4 - -1)) + (-33 - 68).
-91
Evaluate 61 + 4 - -1 - ((-72 - -23) + 60).
55
317 + -325 - (16 + 2 - 1)
-25
11 - (-53 + 68 + 12 + -2 + 1)
-15
-1 + 73 + -1468 + 1458
62
-2 - 59 - (-9 + 13 + -6 + -12 - -23)
-70
What is 30 + -42 + 14 + (10 - -15)?
27
Calculate -32 - ((-2 - 29 - -4) + 17).
-22
What is -3 + 18 + (-29 - (4 - 9))?
-9
What is -89 + -93 + (64 - -34)?
-84
Evaluate (-26 - -37) + 0 + 8 + -14 + -1 + 72.
76
0 + -8 + 5 - (-4 + 2) - -25
24
Evaluate (-7 - 41) + (-39 - -41) + -4.
-50
Calculate -35 + -101 + 80 - -50.
-6
Evaluate -4 + 33 + -23 + -6 + (-8 - -2) + -1.
-7
What is (-2 - -66) + 5 + -23 + (-13 - (-41 - -17))?
57
Calculate 8 + 0 + -120 + 113.
1
Calculate -26 + 1 + -21 + (-9 - -28 - -10).
-17
What is 28 - (-22 - -156 - 107)?
1
What is the value of -164 + -45 - (-25 + -71)?
-113
-3 + -16 + (-6 - (-28 - -24))
-21
Evaluate (-2 - (35 - 20 - 8)) + (-7 - -1) + 67.
52
What is (-30 - (-19 + 31)) + 58 + -36?
-20
Evaluate -36 + (-6 - ((-19 - -13) + 10 + -3)) + -2.
-45
What is -59 - -6 - (-23 - 8 - -9)?
-31
19 + -7 + -15 + 0 + -6 + -2 + 64
53
Calculate 1509 + -1479 - (-8 - (-190 - -4)).
-148
What is the value of (-1 - -30) + -25 + (-39 - -69) + 4?
38
Calculate -1 + 2 + (15 - 9) - (6 + -13 - -38).
-24
Calculate -18 + 33 + (-8 - (-19 + -3)) + -4.
25
What is the value of (0 - 1 - -6) + 11644 + -11592 + (0 - -13)?
70
Evaluate 0 + 7 + (11 - 20 - (-6 + -3) - 17).
-10
Evaluate 5398 - 5381 - (-1 - -51 - 1).
-32
What is -4 + (13 - (-26 + 31)) + (-12 - 1) - 74?
-83
Calculate -36 + 48 - (-31 - -7) - 65.
-29
-120 + 126 + -10 + 15 + -2 + 0 + -2
7
Calculate (81 + -33 - 19) + -52.
-23
What is -6 - (-30 + 16) - 10 - (-32 + -1)?
31
What is the value of -3 + 3 - 13 - (31 + -80) - -4?
40
Calculate -131 - -108 - (-56 - -2).
31
Evaluate -4 - (-7 - (-16 - -8)) - (-29 + 46).
-22
What is (42 - 58) + 1 - (-2 - 1)?
-12
What is (-18 - 18 - -21) + -53?
-68
56 - (189 - 107 - 63)
37
Evaluate 74 - (75 + -106) - (-14 + 5).
114
Evaluate 108 + -48 + -71 + 40.
29
What is the value of (10 - ((1 - -11) + (16 - 12))) + (-1 - 21)?
-28
What is 2 + -65 - (107 - 92)?
-78
-10 + (-25 - -120 - 54)
31
(-55 - -82) + (-25 - 11)
-9
Evaluate 19 + (-15 + 14 - 5) + -9.
4
Calculate 13 - 1 - (44 + -29) - 39.
-42
(0 - -1) + 13 + -15 - 28
-29
Evaluate -25 + (61 - 25) - 17 - (20 + -1).
-25
Evaluate -2276 + 2345 + -153 + -2.
-86
Calculate (-3 - 21) + (18 - (154 - (34 + -9))).
-135
What is the value of -25 - (47 + -29 - (5 + 15))?
-23
What is 1 - (1 - 5 - -1) - (72 - (21 + -3))?
-50
(11 - -12) + -21 + -2 + -13 + 99
86
Calculate (-16 + 32 - 37) + -12 - -13 - -6.
-14
What is -32 + (-27 + 92 - 103)?
-70
-30 + -28 + (-28 - -24) + 28
-34
What is the value of -1 + (-7 - (-7 + 9)) - (6 + -3 + 27)?
-40
Evaluate -4 - (21 - (3 - 1) - (716 - 771)).
-78
Calculate -6 + (12 - 2) + 320 + -347.
-23
What is the value of 11 + 7 + -46 + 158?
130
Calculate 158 + -150 + (0 - 2 - -7).
13
Calculate (136 - 302) + 107 + -13.
-72
What is 3 + 8 - (109 + 43 - -2 - 28)?
-115
What is (40 - 1